{"id":107,"date":"2015-06-24T13:22:33","date_gmt":"2015-06-24T13:22:33","guid":{"rendered":"http:\/\/motoculture27.com\/?page_id=107"},"modified":"2018-05-18T13:37:04","modified_gmt":"2018-05-18T13:37:04","slug":"entretien","status":"publish","type":"page","link":"https:\/\/motoculture27.com\/?page_id=107","title":{"rendered":"ENTRETIEN &#038; REPARATION"},"content":{"rendered":"<p style=\"text-align: left;\">Dans nos ateliers&nbsp;nous prenons en charge la <strong>r\u00e9paration<\/strong> et <strong>l\u2019entretien<\/strong> des produits vendus dans notre&nbsp;magasin ainsi que les produits non commercialis\u00e9s par nos soins.<\/p>\n<p>Nous sommes \u00e9galement \u00e0 disposition de notre client\u00e8le pour tout renseignement relatif au fonctionnement des machines et de leur utilisation en g\u00e9n\u00e9ral.<\/p>\n<p>Dipl\u00f4m\u00e9s et qualifi\u00e9s, nous suivons des stages r\u00e9guliers aupr\u00e8s des fabricants afin de r\u00e9pondre \u00e0 vos besoins et nous vous assurons un service de qualit\u00e9.<\/p>\n<p>&#8211; R\u00e9paration toutes marques, &nbsp;2 temps et 4 temps (Essence &amp; Diesel)<\/p>\n<p>&#8211; Prise de mat\u00e9riels et livraisons \u00e0 domicile.<\/p>\n<p>&#8211; R\u00e9paration dans nos ateliers (SAV &amp; Garantie).<\/p>\n<p style=\"text-align: center;\"><em><strong>NOTRE FORCE :<\/strong><\/em><\/p>\n<ol>\n<li style=\"text-align: left;\">La qualit\u00e9 de notre service<\/li>\n<li style=\"text-align: left;\">La ma\u00eetrise parfaite de nos produits<\/li>\n<li style=\"text-align: left;\">Notre atelier de m\u00e9canique<\/li>\n<li style=\"text-align: left;\">La possibilit\u00e9 de louer du mat\u00e9riel<\/li>\n<\/ol>\n<p style=\"text-align: center;\"><strong>Consultez-nous pour tout renseignement !<\/strong><\/p>\n<p><img decoding=\"async\" src=\"http:\/\/motoculture27.com\/wp-content\/uploads\/2015\/07\/HPIM1374.JPG-2.jpeg\" alt=\"HPIM1374.JPG-2\"><\/p>\n","protected":false},"excerpt":{"rendered":"<p>Dans nos ateliers&nbsp;nous prenons en charge la r\u00e9paration et l\u2019entretien des produits vendus dans notre&nbsp;magasin ainsi que les produits non commercialis\u00e9s par nos soins. Nous sommes \u00e9galement \u00e0 disposition de notre client\u00e8le pour tout renseignement relatif au fonctionnement des machines &hellip; <a href=\"https:\/\/motoculture27.com\/?page_id=107\">Continuer la lecture <span class=\"meta-nav\">&rarr;<\/span><\/a><\/p>\n","protected":false},"author":1,"featured_media":0,"parent":0,"menu_order":0,"comment_status":"closed","ping_status":"closed","template":"","meta":{"_monsterinsights_skip_tracking":false,"_monsterinsights_sitenote_active":false,"_monsterinsights_sitenote_note":"","_monsterinsights_sitenote_category":0,"ngg_post_thumbnail":0,"footnotes":""},"_links":{"self":[{"href":"https:\/\/motoculture27.com\/index.php?rest_route=\/wp\/v2\/pages\/107"}],"collection":[{"href":"https:\/\/motoculture27.com\/index.php?rest_route=\/wp\/v2\/pages"}],"about":[{"href":"https:\/\/motoculture27.com\/index.php?rest_route=\/wp\/v2\/types\/page"}],"author":[{"embeddable":true,"href":"https:\/\/motoculture27.com\/index.php?rest_route=\/wp\/v2\/users\/1"}],"replies":[{"embeddable":true,"href":"https:\/\/motoculture27.com\/index.php?rest_route=%2Fwp%2Fv2%2Fcomments&post=107"}],"version-history":[{"count":0,"href":"https:\/\/motoculture27.com\/index.php?rest_route=\/wp\/v2\/pages\/107\/revisions"}],"wp:attachment":[{"href":"https:\/\/motoculture27.com\/index.php?rest_route=%2Fwp%2Fv2%2Fmedia&parent=107"}],"curies":[{"name":"wp","href":"https:\/\/api.w.org\/{rel}","templated":true}]}}