{"id":105,"date":"2015-06-24T13:22:17","date_gmt":"2015-06-24T13:22:17","guid":{"rendered":"http:\/\/motoculture27.com\/?page_id=105"},"modified":"2019-10-22T14:31:23","modified_gmt":"2019-10-22T14:31:23","slug":"vente","status":"publish","type":"page","link":"https:\/\/motoculture27.com\/?page_id=105","title":{"rendered":"VENTE"},"content":{"rendered":"\n<div class=\"wp-block-image\"><figure class=\"aligncenter is-resized\"><img loading=\"lazy\" decoding=\"async\" src=\"http:\/\/motoculture27.com\/wp-content\/uploads\/2015\/06\/CAM01194-1024x768.jpg\" alt=\"CAM01194\" width=\"472\" height=\"354\"\/><\/figure><\/div>\n\n\n\n<figure class=\"wp-block-image\"><img loading=\"lazy\" decoding=\"async\" width=\"1024\" height=\"424\" src=\"http:\/\/motoculture27.com\/wp-content\/uploads\/2019\/10\/TRACTEURS-SOLIS-3-1024x424.png\" alt=\"\" class=\"wp-image-2227\" srcset=\"https:\/\/motoculture27.com\/wp-content\/uploads\/2019\/10\/TRACTEURS-SOLIS-3-1024x424.png 1024w, https:\/\/motoculture27.com\/wp-content\/uploads\/2019\/10\/TRACTEURS-SOLIS-3-300x124.png 300w, https:\/\/motoculture27.com\/wp-content\/uploads\/2019\/10\/TRACTEURS-SOLIS-3-768x318.png 768w, https:\/\/motoculture27.com\/wp-content\/uploads\/2019\/10\/TRACTEURS-SOLIS-3-500x207.png 500w, https:\/\/motoculture27.com\/wp-content\/uploads\/2019\/10\/TRACTEURS-SOLIS-3.png 2000w\" sizes=\"(max-width: 1024px) 100vw, 1024px\" \/><\/figure>\n\n\n\n<div class=\"wp-block-image\"><figure class=\"aligncenter is-resized\"><img loading=\"lazy\" decoding=\"async\" src=\"http:\/\/motoculture27.com\/wp-content\/uploads\/2015\/06\/CAM01185.jpg\" alt=\"CAM01185\" width=\"455\" height=\"341\"\/><\/figure><\/div>\n\n\n\n<div class=\"wp-block-image\"><figure class=\"aligncenter is-resized\"><img loading=\"lazy\" decoding=\"async\" src=\"http:\/\/motoculture27.com\/wp-content\/uploads\/2015\/06\/CAM01175.jpg\" alt=\"CAM01175\" width=\"446\" height=\"594\"\/><\/figure><\/div>\n\n\n\n<div class=\"wp-block-image\"><figure class=\"aligncenter is-resized\"><img loading=\"lazy\" decoding=\"async\" src=\"http:\/\/motoculture27.com\/wp-content\/uploads\/2015\/06\/CAM00013.jpg\" alt=\"CAM00013\" width=\"383\" height=\"510\"\/><\/figure><\/div>\n\n\n\n<p>\n\tVotre mat\u00e9riel pr\u00eat \u00e0 l&#8217;emploi !Conseil, \u00e9coute, choix<a href=\"http:\/\/www.vente-reparation-motoculture-tondeuse-38.com\/large-choix-gamme-materiel-entretien-espaces-verts-grenoble-38-gieres-professionnels-particuliers.html\" class=\"broken_link\">,<\/a> prix, d\u00e9pannage et service apr\u00e8s vente&nbsp;sont les \u00e9l\u00e9ments essentiels de ce qui fait la diff\u00e9rence entre nous et de simples vendeurs. La mise en route est atout suppl\u00e9mentaire, toujours \u00e0 votre service !&nbsp;Que vous soyer <strong>utilisateur occasionnel, professionnel<\/strong> ou une <strong>collectivit\u00e9<\/strong>, nous trouverons une solution \u00e0 toute <strong>vos attentes<\/strong> adapt\u00e9e \u00e0 <strong>votre budget<\/strong>, pour que <strong>votre satisfaction<\/strong> devienne la notre.<\/p>\n","protected":false},"excerpt":{"rendered":"<p>Votre mat\u00e9riel pr\u00eat \u00e0 l&#8217;emploi !Conseil, \u00e9coute, choix, prix, d\u00e9pannage et service apr\u00e8s vente&nbsp;sont les \u00e9l\u00e9ments essentiels de ce qui fait la diff\u00e9rence entre nous et de simples vendeurs. La mise en route est atout suppl\u00e9mentaire, toujours \u00e0 votre service &hellip; <a href=\"https:\/\/motoculture27.com\/?page_id=105\">Continuer la lecture <span class=\"meta-nav\">&rarr;<\/span><\/a><\/p>\n","protected":false},"author":1,"featured_media":0,"parent":0,"menu_order":0,"comment_status":"closed","ping_status":"closed","template":"","meta":{"_monsterinsights_skip_tracking":false,"_monsterinsights_sitenote_active":false,"_monsterinsights_sitenote_note":"","_monsterinsights_sitenote_category":0,"ngg_post_thumbnail":0,"footnotes":""},"_links":{"self":[{"href":"https:\/\/motoculture27.com\/index.php?rest_route=\/wp\/v2\/pages\/105"}],"collection":[{"href":"https:\/\/motoculture27.com\/index.php?rest_route=\/wp\/v2\/pages"}],"about":[{"href":"https:\/\/motoculture27.com\/index.php?rest_route=\/wp\/v2\/types\/page"}],"author":[{"embeddable":true,"href":"https:\/\/motoculture27.com\/index.php?rest_route=\/wp\/v2\/users\/1"}],"replies":[{"embeddable":true,"href":"https:\/\/motoculture27.com\/index.php?rest_route=%2Fwp%2Fv2%2Fcomments&post=105"}],"version-history":[{"count":0,"href":"https:\/\/motoculture27.com\/index.php?rest_route=\/wp\/v2\/pages\/105\/revisions"}],"wp:attachment":[{"href":"https:\/\/motoculture27.com\/index.php?rest_route=%2Fwp%2Fv2%2Fmedia&parent=105"}],"curies":[{"name":"wp","href":"https:\/\/api.w.org\/{rel}","templated":true}]}}