{"id":100,"date":"2015-06-24T13:20:26","date_gmt":"2015-06-24T13:20:26","guid":{"rendered":"http:\/\/motoculture27.com\/?page_id=100"},"modified":"2019-12-07T15:13:46","modified_gmt":"2019-12-07T15:13:46","slug":"microcar","status":"publish","type":"page","link":"https:\/\/motoculture27.com\/?page_id=100","title":{"rendered":"AIXAM"},"content":{"rendered":"<p><a href=\"http:\/\/motoculture27.com\/wp-content\/uploads\/2019\/12\/aixam-city-premium_1.png\"><img loading=\"lazy\" decoding=\"async\" class=\"size-medium wp-image-2313 aligncenter\" src=\"http:\/\/motoculture27.com\/wp-content\/uploads\/2019\/12\/aixam-city-premium_1-300x200.png\" alt=\"\" width=\"300\" height=\"200\" srcset=\"https:\/\/motoculture27.com\/wp-content\/uploads\/2019\/12\/aixam-city-premium_1-300x200.png 300w, https:\/\/motoculture27.com\/wp-content\/uploads\/2019\/12\/aixam-city-premium_1-450x300.png 450w, https:\/\/motoculture27.com\/wp-content\/uploads\/2019\/12\/aixam-city-premium_1.png 500w\" sizes=\"(max-width: 300px) 100vw, 300px\" \/><\/a><\/p>\n<h3>Nous travaillons en \u00e9troite collaboration avec un CONCESSIONNAIRE AIXAM, n\u2019h\u00e9sitez pas \u00e0 nous contacter : 02 32 49 75 91<\/h3>\n<h1>AU VOLANT DES 14 ANS !<\/h1>\n<h1>L\u00c9GISLATION<\/h1>\n<div class=\"zb bloc_0\">\n<div class=\"\" data-editor=\"full\">\n<div class=\"separateur\">&nbsp;<\/div>\n<div class=\"row \">\n<div class=\"col-sm-12 col-sm-offset-0\">\n<div style=\"text-align: left;\">\n<h2><a name=\"vsp\"><\/a>LES QUADRICYCLES L\u00c9GERS OU VOITURES SANS PERMIS<\/h2>\n<h3><a name=\"homologation-vsp\"><\/a>HOMOLOGATION<\/h3>\n<ul>\n<li>Le quadricycle l\u00e9ger est assimil\u00e9 \u00e0 un cyclomoteur et se conduit avec ou sans permis selon la l\u00e9gislation en vigueur des pays europ\u00e9ens.<\/li>\n<li>Selon les usages, il est parfois appel\u00e9&nbsp;: quadri-mobile l\u00e9ger, voiture sans permis (VSP), voiturette.<\/li>\n<\/ul>\n<table class=\"bordure\" style=\"width: 100%;\" border=\"1\" cellspacing=\"0\" cellpadding=\"0\">\n<tbody>\n<tr>\n<td valign=\"top\">\n<p align=\"center\"><strong>&nbsp;<\/strong><\/p>\n<\/td>\n<td valign=\"top\">\n<p align=\"center\"><strong>R\u00e9glementation en fin de vie 2002\/24\/CE<\/strong><\/p>\n<\/td>\n<td valign=\"top\">\n<p align=\"center\"><strong>Nouvelle R\u00e9glementation 168\/2013\/UE<\/strong><\/p>\n<\/td>\n<\/tr>\n<tr>\n<td valign=\"top\">\n<p align=\"center\"><strong>Cat\u00e9gorie<\/strong><\/p>\n<\/td>\n<td valign=\"top\">\n<p align=\"center\"><strong>L6e<\/strong><\/p>\n<\/td>\n<td valign=\"top\">\n<p align=\"center\"><strong>L6eBP<\/strong><\/p>\n<\/td>\n<\/tr>\n<tr>\n<td valign=\"top\">\n<p align=\"center\"><strong>Vitesse maximale<\/strong><\/p>\n<\/td>\n<td valign=\"top\">\n<p align=\"center\"><strong>45 km\/h<\/strong><\/p>\n<\/td>\n<td valign=\"top\">\n<p align=\"center\"><strong>45 km\/h<\/strong><\/p>\n<\/td>\n<\/tr>\n<tr>\n<td valign=\"top\">\n<p align=\"center\"><strong>Puissance maximale<\/strong><\/p>\n<\/td>\n<td valign=\"top\">\n<p align=\"center\"><strong>4 kW (5.4cv)<\/strong><\/p>\n<\/td>\n<td valign=\"top\">\n<p align=\"center\"><strong>6kW (8.15cv)<\/strong><\/p>\n<\/td>\n<\/tr>\n<tr>\n<td valign=\"top\">\n<p align=\"center\"><strong>Masse \u00e0 vide<\/strong><\/p>\n<\/td>\n<td valign=\"top\">\n<p align=\"center\"><strong>350kg&nbsp;<\/strong><strong>(sans carburant, sans accessoire)<\/strong><strong>&nbsp;<\/strong><\/p>\n<\/td>\n<td valign=\"top\">\n<p align=\"center\"><strong>425kg&nbsp;<\/strong><strong>(avec carburant)<\/strong><strong>&nbsp;<\/strong><\/p>\n<\/td>\n<\/tr>\n<\/tbody>\n<\/table>\n<h3><a name=\"condition-vsp\"><\/a>CONDUIRE UNE VOITURE SANS PERMIS EN FRANCE (QUADRICYCLES L\u00c9GERS)<\/h3>\n<p>Dans le Code de la Route, les articles R211-1, R211-2 et suivants ainsi que l\u2019Arr\u00eat\u00e9 Minist\u00e9riel du 10\/11\/2014 d\u00e9finissent les r\u00e8gles d\u2019usage.<\/p>\n<\/div>\n<\/div>\n<\/div>\n<div class=\"row\">\n<div class=\"col-sm-6\"><strong>En r\u00e9sum\u00e9 :<\/strong>&nbsp;<\/p>\n<ul>\n<li>L\u2019acc\u00e8s \u00e0 la conduite d&rsquo;un quadricycle l\u00e9ger \u00e0 moteur est fix\u00e9 \u00e0 14 ans r\u00e9volus.&nbsp;<\/li>\n<li>Le BSR devient le permis AM. Il comporte une option cyclomoteur et une option quadricycle l\u00e9ger. L\u2019AM option Cyclomoteur permet la conduite des quadricycles l\u00e9gers.<\/li>\n<li>Les personnes n\u00e9es jusqu\u2019au 31 d\u00e9cembre 1987 inclus n\u2019ont pas besoin de BSR (Brevet de S\u00e9curit\u00e9 Routi\u00e8re), ni de permis de conduire pour circuler avec une voiture sans permis sur le territoire fran\u00e7ais.<\/li>\n<li>Les personnes n\u00e9es apr\u00e8s le 31 d\u00e9cembre 1987 doivent \u00eatre titulaires du BSR d\u00e9livr\u00e9 jusqu\u2019au 18\/01\/2013, ou du permis AM (depuis le 19\/01\/2013).<\/li>\n<li>Les personnes titulaires d\u2019un permis de conduire valide moto ou voiture, peuvent conduire un quadricycle l\u00e9ger.<\/li>\n<\/ul>\n<p><strong>Le BSR ou Permis AM comporte une partie th\u00e9orique et une formation pratique sans examen :<\/strong><\/p>\n<h3>PARTIE TH\u00c9ORIQUE : N\u00c9CESSITE L\u2019OBTENTION DE L\u2019UNE DES ATTESTATIONS SUIVANTES :<\/h3>\n<ul>\n<li>ASSR 1&nbsp;: obtenue en classe de 5<sup>\u00e8me<\/sup>&nbsp;(Attestation Scolaire de S\u00e9curit\u00e9 Routi\u00e8re 1<sup>er<\/sup>&nbsp;niveau)<\/li>\n<li>ASSR 2&nbsp;: obtenue &nbsp;en classe de 3<sup>\u00e8me<\/sup>&nbsp;(attestation scolaire de S\u00e9curit\u00e9 Routi\u00e8re 2<sup>e<\/sup>&nbsp;niveau)<\/li>\n<li>ASR&nbsp;: (Attestation de S\u00e9curit\u00e9 Routi\u00e8re) obtenue dans les centres de formation pour adultes.<\/li>\n<\/ul>\n<\/div>\n<div class=\"col-sm-6\">\n<h3>PARTIE PRATIQUE : N\u00c9CESSITE UNE FORMATION DE 8 HEURES EN AUTO-\u00c9COLE SANS EXAMEN<\/h3>\n<p>Effectu\u00e9e sur un cyclomoteur ou quadricycle l\u00e9ger, elle se d\u00e9roule en deux temps.<\/p>\n<ul>\n<li>S\u00e9quence 1 : Echanges sur les r\u00e9presentations individuelles autour de la conduite (dur\u00e9e 30 minutes). Respect des r\u00e8gles, grandes th\u00e9matiques de s\u00e9curit\u00e9 routi\u00e8re, inlfuence du comportement des autres usagers de la route&#8230;<\/li>\n<li>S\u00e9quence 2 :&nbsp;Formation \u00e0 la conduite hors circulation (dur\u00e9e minimale 1 heure).&nbsp; Les \u00e9quipements obligatoires et leurs r\u00f4les, les principaux organes du v\u00e9hicule, la ma\u00eetrise techniqe du v\u00e9hicule hors circulation&#8230;.<\/li>\n<li>S\u00e9quence 3 : Code de la route (dur\u00e9e 30 minutes). La signalisation, les r\u00e8gles de circulation &#8230;<\/li>\n<li>S\u00e9quence 4 : Formation pratique en circulation (dur\u00e9e minimale 3 heures)&nbsp;: prise en main du cyclomoteur ou du quadricycle l\u00e9ger<\/li>\n<li>S\u00e9quence 5 : Sensibilisation aux risques et la s\u00e9curit\u00e9 routi\u00e8re (dur\u00e9e minimale 1 heure) : adopter les bons comportements, avoir une connaissance des cons\u00e9quences.<\/li>\n<\/ul>\n<div class=\"en_avant\">La formation au permis AM peut \u00eatre effectu\u00e9e sur une voiture sans permis fournie par le client, assur\u00e9 lors des 8 heures de formation.<br \/>\nLes titulaires d\u2019un permis AM, option quadricycle l\u00e9ger ne peuvent pas conduire de cyclomoteur. En revanche, les titulaires d\u2019un permis AM cyclomoteur peuvent conduire un quadricycle l\u00e9ger.<\/div>\n<\/div>\n<\/div>\n<\/div>\n<\/div>\n<p>&nbsp;<\/p>\n<p>&nbsp;<\/p>\n","protected":false},"excerpt":{"rendered":"<p>Nous travaillons en \u00e9troite collaboration avec un CONCESSIONNAIRE AIXAM, n\u2019h\u00e9sitez pas \u00e0 nous contacter : 02 32 49 75 91 AU VOLANT DES 14 ANS ! L\u00c9GISLATION &nbsp; LES QUADRICYCLES L\u00c9GERS OU VOITURES SANS PERMIS HOMOLOGATION Le quadricycle l\u00e9ger est &hellip; <a href=\"https:\/\/motoculture27.com\/?page_id=100\">Continuer la lecture <span class=\"meta-nav\">&rarr;<\/span><\/a><\/p>\n","protected":false},"author":1,"featured_media":0,"parent":0,"menu_order":0,"comment_status":"closed","ping_status":"closed","template":"","meta":{"_monsterinsights_skip_tracking":false,"_monsterinsights_sitenote_active":false,"_monsterinsights_sitenote_note":"","_monsterinsights_sitenote_category":0,"ngg_post_thumbnail":0,"footnotes":""},"_links":{"self":[{"href":"https:\/\/motoculture27.com\/index.php?rest_route=\/wp\/v2\/pages\/100"}],"collection":[{"href":"https:\/\/motoculture27.com\/index.php?rest_route=\/wp\/v2\/pages"}],"about":[{"href":"https:\/\/motoculture27.com\/index.php?rest_route=\/wp\/v2\/types\/page"}],"author":[{"embeddable":true,"href":"https:\/\/motoculture27.com\/index.php?rest_route=\/wp\/v2\/users\/1"}],"replies":[{"embeddable":true,"href":"https:\/\/motoculture27.com\/index.php?rest_route=%2Fwp%2Fv2%2Fcomments&post=100"}],"version-history":[{"count":0,"href":"https:\/\/motoculture27.com\/index.php?rest_route=\/wp\/v2\/pages\/100\/revisions"}],"wp:attachment":[{"href":"https:\/\/motoculture27.com\/index.php?rest_route=%2Fwp%2Fv2%2Fmedia&parent=100"}],"curies":[{"name":"wp","href":"https:\/\/api.w.org\/{rel}","templated":true}]}}